composite number?
False
Is 8662067 a composite number?
True
Is 9390833 a prime number?
True
Is 976699 a composite number?
False
Is 27120211 a prime number?
True
Is 2745179 a composite number?
False
Is 54225161 prime?
True
Is 473415071 a prime number?
True
Is 2096713 composite?
False
Is 22567789 prime?
False
Is 5843951 composite?
False
Is 2868796661 prime?
True
Is 1108223 a prime number?
True
Is 4644707 a composite number?
False
Is 429959 prime?
False
Is 35039651 a composite number?
False
Is 68591 prime?
False
Is 12754783 composite?
False
Is 154998579 prime?
False
Is 28828523 composite?
True
Is 38349659 a prime number?
True
Is 3457063 prime?
False
Is 109788659 composite?
False
Is 40431973 a prime number?
False
Is 450161983 a composite number?
True
Is 50621677 a composite number?
False
Is 25554157 prime?
True
Is 11879909 a composite number?
False
Is 80440397 prime?
True
Is 2819669 a prime number?
False
Is 12305753 a composite number?
False
Is 514049 a composite number?
False
Is 1313090771 composite?
False
Is 38359799 a prime number?
True
Is 82305749 a prime number?
True
Is 2720643 prime?
False
Is 83699221 prime?
True
Is 376147253 a prime number?
False
Is 9145855 a prime number?
False
Is 150321251 composite?
False
Is 253956097 a prime number?
True
Is 2327935 a prime number?
False
Is 5114471 composite?
False
Is 1074329 composite?
False
Is 14847423 composite?
True
Is 21784543 a prime number?
False
Is 20036099 prime?
True
Is 1870133 a prime number?
False
Is 54422 a composite number?
True
Is 27099619 composite?
False
Is 32986141 prime?
True
Is 10435349 prime?
False
Is 11591357 a prime number?
True
Is 11626471 composite?
False
Is 239443987 a composite number?
False
Is 70783 composite?
False
Is 3624667 composite?
False
Is 3479009 composite?
True
Is 86772853 a prime number?
True
Is 741201 a prime number?
False
Is 336023 a prime number?
False
Is 152894009 a composite number?
True
Is 116593 a composite number?
False
Is 5684909 prime?
True
Is 16253413 prime?
False
Is 1128107 composite?
False
Is 29542441 a composite number?
False
Is 123458681 prime?
True
Is 105718 prime?
False
Is 61962581 composite?
True
Is 19033697 a composite number?
False
Is 3541397 prime?
True
Is 12527353 a prime number?
True
Is 21331867 prime?
True
Is 271805 a prime number?
False
Is 133161229 a prime number?
True
Is 853267 a prime number?
False
Is 147043811 a composite number?
True
Is 10196731 prime?
True
Is 32970527 prime?
True
Is 8374697 a composite number?
True
Is 1220407 a composite number?
True
Is 5311367 prime?
False
Is 4555883 prime?
True
Is 967919 a prime number?
True
Is 2794381 composite?
True
Is 5329397 a composite number?
False
Is 9590543 a prime number?
True
Is 53237153 a composite number?
False
Is 816443 prime?
True
Is 7779533 composite?
True
Is 2182289 a prime number?
False
Is 3792949 a prime number?
True
Is 1398353 prime?
False
Is 21939139 prime?
True
Is 20934653 a composite number?
False
Is 2605201 composite?
False
Is 2682497 composite?
False
Is 199475579 a composite number?
False
Is 4768873 a prime number?
True
Is 2667851 a composite number?
False
Is 12578393 prime?
True
Is 723391 prime?
True
Is 105856801 a prime number?
False
Is 43100311 prime?
True
Is 56408311 composite?
True
Is 46538579 a composite number?
False
Is 3639631 prime?
True
Is 17825501 composite?
False
Is 159977 prime?
True
Is 37181791 composite?
False
Is 44854529 prime?
True
Is 47913857 a composite number?
True
Is 2221606 composite?
True
Is 100512851 prime?
False
Is 1318819 a prime number?
False
Is 16717451 composite?
True
Is 5873239 a composite number?
False
Is 22617347 prime?
True
Is 147004241 a prime number?
True
Is 50718641 prime?
True
Is 2680339 prime?
False
Is 401111959 prime?
False
Is 564885385 composite?
True
Is 2228455 composite?
True
Is 203009 composite?
True
Is 2998747 a prime number?
True
Is 927289 a composite number?
True
Is 6561377 a composite number?
True
Is 887431 composite?
True
Is 17492311 composite?
True
Is 69141497 composite?
False
Is 1112379 a prime number?
False
Is 70008209 a composite number?
False
Is 71356731 composite?
True
Is 219749 a composite number?
False
Is 261270799 a prime number?
True
Is 3162463 a prime number?
True
Is 202515799 a prime number?
True
Is 1889681 a prime number?
False
Is 38953022 a prime number?
False
Is 71974823 a composite number?
False
Is 1245428661 a prime number?
False
Is 18547567 a prime number?
True
Is 96641737 a prime number?
False
Is 99867319 a prime number?
False
Is 21105879 prime?
False
Is 5627 prime?
False
Is 2255593 a composite number?
True
Is 7396219 a composite number?
True
Is 323749313 prime?
True
Is 18579794 prime?
False
Is 10970077 composite?
False
Is 28735193 prime?
True
Is 26051471 composite?
False
Is 22136263 a composite number?
True
Is 63898313 prime?
False
Is 3261961 composite?
False
Is 186457 a composite number?
True
Is 315056939 composite?
False
Is 13640177 a prime number?
True
Is 4861369 composite?
True
Is 4795354 a prime number?
False
Is 9032567 composite?
False
Is 271017147 a prime number?
False
Is 10928377 a composite number?
False
Is 16182563 a composite number?
True
Is 1118891 a prime number?
False
Is 50219177 a prime number?
True
Is 1264231 a prime number?
True
Is 115360009 prime?
True
Is 10788503 composite?
True
Is 3032101 prime?
False
Is 44716493 prime?
True
Is 935861 a composite number?
False
Is 16084919 a prime number?
True
Is 19412083 a prime number?
True
Is 424889 prime?
True
Is 76661 composite?
True
Is 494147438 a composite number?
True
Is 15327227 prime?
True
Is 36139613 a prime number?
True
Is 54037 composite?
False
Is 106948187 a prime number?
True
Is 8133707 prime?
True
Is 9571195 composite?
True
Is 29837 a prime number?
True
Is 69895583 a prime number?
True
Is 152657 a composite number?
False
Is 3540703 prime?
True
Is 1023469 composite?
True
Is 20752657 prime?
True
Is 50113291 a prime number?
False
Is 2809207 composite?
True
Is 14319959 prime?
True
Is 266158753 composite?
True
Is 115189507 composite?
False
Is 21436043 a prime number?
False
Is 1360573 composite?
True
Is 12450467 a composite number?
True
Is 129054557 a prime number?
False
Is 132376003 a prime number?
False
Is 9411011 a prime number?
False
Is 922366 a composite number?
True
Is 7529659 a prime number?
True
Is 12567791 a composite number?
False
Is 3632953 prime?
True
Is 21662013 a prime number?
False
Is 1222451 a composite number?
True
Is 2850089 prime?
False
Is 97145319 composite?
True
Is 27958417 prime?
True
Is 1660999 prime?
False
Is 619614943 a prime number?
True
Is 1269041 a prime number?
True
Is 45393623 a prime number?
False
Is 165675151 prime?
True
Is 79380115 a prime number?
False
Is 16582217 prime?
True
Is 105011 a composite number?
True
Is 32338582 a composite number?
True
Is 2094055 prime?
False
Is 114557 a prime number?
False
Is 87420821 prime?
True
Is 86741561 composite?
False
Is 1329847 a prime number?
True
Is 136139891 a prime number?
False
Is 17467 composite?
False
Is 23811677 composite?
False
Is 488086601 a prime number?
False
Is 37036733 composite?
False
Is 347720677 a prime number?
True
Is 852253203 prime?
False
Is 845981 prime?
True
Is 19933081 prime?
False
Is 143588521 a prime number?
True
Is 7557343 a prime number?
True
Is 63027917 composite?
False
Is 11099873 composite?
False
Is 69147665 a composite number?
True
Is 57123851 a composite number?
False
Is 72900541 a prime number?
False
Is 25532971 a prime number?
True
Is 3004993 prime?
True
Is 31048037 a composite number?
False
Is 7577099 a prime number?
True
Is 18006149 prime?
False
Is 23754271 a prime number?
True
Is 6884147 composite?
False
Is 84047 a prime number?
True
Is 11384771 a prime number?
False
Is 25065959 prime?
False
Is 7167323 a composite number?
False
Is 585321947 composite?
True
Is 5550811 a prime number?
False
Is 4875665 prime?
False
Is 81473047 a prime number?
True
Is 841889 a composite number?
False
Is 171692957 a prime number?
True
Is 945937 a composite number?
False
Is 912036299 a composite number?
False
Is 14093369 prime?
True
Is 7039763 prime?
True
Is 2288051 prime?
True
Is 78884129 prime?
True
Is 203785619 a composite number?
False
Is 2324209 a composite number?
True
Is 801733 composite?
False
Is 9209822 prime?
False
Is 11435143 a composite number?
Fals